0456 + 3676. What is the thousands digit of m?
8
Let q = 5363 - 3770. What is the units digit of q?
3
Let i(d) be the first derivative of -1/3*d**3 + 11 + 15/2*d**2 + 0*d. What is the tens digit of i(11)?
4
Let y = -209 - -216. Let a(o) = 19*o - 23. What is the units digit of a(y)?
0
Let i(c) = -c**2 - 10*c + 1621. What is the thousands digit of i(0)?
1
Suppose -5*k + 28 = -0*b + b, -3*k + 21 = 2*b. Suppose k*f - 759 = -144. What is the tens digit of f?
2
Suppose 4*k + 4*l - 50016 = 0, -719*k + 4*l - 37515 = -722*k. What is the tens digit of k?
0
Let j = 76246 + -39163. What is the tens digit of j?
8
Suppose 0 = -2*b + 3*z + 10, -7 - 14 = b + 5*z. Let r(y) be the first derivative of -101*y**2/2 - 2*y - 32. What is the units digit of r(b)?
9
Let r = 29 - 25. Suppose -4*u - r*o = -916, -o = 2*u + 37 - 500. What is the hundreds digit of u?
2
Suppose 3989 = d - 1365 + 1065. What is the hundreds digit of d?
2
Let d = 302 + -294. What is the hundreds digit of (-58472)/384*-6 - (-3)/d?
9
Let j(q) = 112*q - 7. Let s = 45 - 43. What is the units digit of j(s)?
7
Let o be (72/3)/4 + 5. Suppose -774 + 3106 = o*i. What is the hundreds digit of i?
2
Suppose -3*x - 31841 = -1765*m + 1763*m, 3*m - x = 47765. What is the ten thousands digit of m?
1
Suppose -5*o + 26964 = 13*z - 11*z, 5*z + 3*o - 67467 = 0. What is the thousands digit of z?
3
What is the units digit of 2160 - (-47 + 27)*1/(-4)?
5
Let v be -8 + (-4 - -19) + -13. Let s(k) = 28*k**2 - k + 4. What is the units digit of s(v)?
8
Let s(u) = u**3 - 11*u**2 + u - 6. Let g be s(11). Suppose 32 = 4*c + 2*o, 2*o + o = -2*c + 8. What is the tens digit of 2 - (-106)/(c/g)?
5
Let f(w) = 7*w - 33. Suppose 4*i - i = 15. Let g be f(i). Suppose -2*t + 4*a = -398, -3*a + 741 = 2*t + g*t. What is the hundreds digit of t?
1
What is the hundreds digit of 45/25*(-340)/(-51) - -52220?
2
Let t be (11*(-250)/15)/((-4)/6). Let a be t + -3 - (2 + -1). Let d = a - 185. What is the tens digit of d?
8
Suppose 13*k - 7*k = 10200. Let o = k + -854. What is the tens digit of o?
4
Let v(h) = 13*h + 90. Let w be v(-6). Let r(q) be the third derivative of -q**6/120 + q**5/5 + q**4/6 - 2*q**3/3 - 2*q**2. What is the units digit of r(w)?
4
Let p(k) = 8*k**3 - 13*k**2 - 8*k + 81. What is the tens digit of p(6)?
9
Let v = -5405 + 12291. What is the tens digit of v?
8
Let p = -74272 + 110506. What is the thousands digit of p?
6
Let p(k) = -950*k - 675. What is the ten thousands digit of p(-24)?
2
Let u(n) = 120*n**2 - 119*n + 62. What is the tens digit of u(-8)?
9
Suppose -4*x = 61 - 101. Let w(t) = -t**3 + 15*t**2 + 2*t + 5. What is the tens digit of w(x)?
2
Suppose -82*n + 38 = -80*n. Suppose -3*g = 3*w - 97 + 16, -g = 3*w - 33. Suppose -g*z + n*z + 190 = 0. What is the tens digit of z?
3
Let h(x) = 2*x**2 + 7*x + 3. Let r be h(-5). Suppose -1375 = r*k - 13597. What is the units digit of k?
9
Suppose 0 = -26*h - 10*h - 144. What is the units digit of (h/(-1) + 44)*186/8?
6
Let l = 1048 - 1128. Suppose 5*b = -3*s + 498, -3*s + 0*b + 498 = -b. Let r = s + l. What is the tens digit of r?
8
Let t be (-2)/6*-65 + (-2)/(-6). Suppose -132 = -t*z + 462. What is the tens digit of z?
2
Let s be 3/2*130/39. Let v be (-2 + 2)*3/(-3). Suppose -2*p + 3*r = 3*p - 565, v = s*r - 25. What is the units digit of p?
6
Suppose -4*b + 40 = 4*s, -2*s - 3*s - 3*b = -50. Suppose 5*u - s*u + 15 = 0. Suppose 0 = -2*k - u*i + 73, 2*k + 0*i = -i + 67. What is the tens digit of k?
3
Let k(s) = -s**3 + 29*s**2 + s + 99. Let r be k(29). What is the units digit of (4/(-2) - -1)/((-8)/r)?
6
Let z = -36 - -63. Let t = z + -28. Let h(w) = 39*w**2 - 2*w - 1. What is the units digit of h(t)?
0
Let c = 196 - 200. Let g(s) = 1 - 12*s - 4*s - 6*s. What is the tens digit of g(c)?
8
Let j be 5/((-10)/(-16))*135/(-2). Let y be j/25 + 8/(-20). Let m = y - -34. What is the tens digit of m?
1
Let n = 48393 + -25316. What is the hundreds digit of n?
0
Let s(m) = 24*m + 607*m**3 - 22*m - 2 + 277*m**3. What is the hundreds digit of s(1)?
8
Let l = -15603 + 27812. What is the tens digit of l?
0
Let h(l) = 97*l**3 - 4*l**2 - 37*l + 105. What is the units digit of h(3)?
7
Let f(u) = u**2 - 9*u + 16. Let s be f(5). Let z be (16/20)/(s/620). Let a = 0 - z. What is the units digit of a?
4
Let s(v) = 93*v**2 + 30*v + 258. What is the tens digit of s(-13)?
8
Let v(y) = 34*y + 2763. What is the units digit of v(29)?
9
Let s be (-8)/12 - (-9920)/48. Let r = 541 - s. What is the hundreds digit of r?
3
Suppose 0 = -45*d + 361657 - 47287. What is the thousands digit of d?
6
Suppose -48 = -3*p + 3*f, -4*p + 4*f - 8*f = -48. Suppose -18*d + p*d = -12. Suppose 0 = -4*u + 3*a + a + 576, -d*u + 408 = 3*a. What is the tens digit of u?
4
Let q(d) = 7*d**2 - 5*d + 16. Let i be q(4). Let k be 1/(-1) + 1 - i. Let z = -70 - k. What is the tens digit of z?
3
Let f(m) = 21*m - 12. Suppose -4*o - 12 = 2*j - 32, -j + 10 = -5*o. Suppose b + j = -4*v - 7, b = 2*v + 13. What is the units digit of f(b)?
1
Suppose 0 = 2*o - 9 + 7. Suppose 73 = 3*s + o. What is the tens digit of s?
2
Let u(w) be the third derivative of -1/15*w**5 - 1/120*w**6 + 14*w**2 + 0*w - 1/24*w**4 - 8/3*w**3 + 0. What is the hundreds digit of u(-7)?
1
Let c(x) be the second derivative of 2*x**3/3 - x**2/2 - 5*x. Let u be c(2). Suppose 5*l = 27 - u, 5*q - 5*l = 65. What is the units digit of q?
7
Suppose 2*s - 43 = -4*t - 5, 5*t - 43 = -s. Suppose t*x = 6*x + 654. What is the tens digit of 7/14 + x/2?
6
Suppose -3*t + 2*a = 2*t - 20, 2*t + 2*a - 22 = 0. Let z = t + 0. Suppose w = z*w - 15, -5*h = -5*w - 260. What is the tens digit of h?
5
Let r be (-3)/2*(-180)/(-54). What is the hundreds digit of 1 - (-5 - r - 162)?
1
Let w(s) = -s**3 - 2*s**2 - 20*s + 387. What is the tens digit of w(-24)?
3
Suppose 0 = -3*a + 9*a + 1710. What is the hundreds digit of 4654/4 + a/(-114)?
1
Let n be 20/(-5)*(-18)/8. Suppose -10*l = -n*l - 19. Suppose -5*v - 2*i + l = 2*i, 8 = -2*i. What is the units digit of v?
7
Let j(v) = 78*v + 11 + 2 + 53*v + 1. What is the tens digit of j(2)?
7
Let u be (14/(-2) - -3) + (-1 - 677). Let c = -480 - u. Let n = -140 + c. What is the units digit of n?
2
Let i = -1417 - -2177. What is the units digit of i?
0
Let m be 118/6 + 130/(-78). Let r(z) = -7*z**2 + 35*z - 45. Let a(x) = -15*x**2 + 71*x - 91. Let l(g) = -6*a(g) + 13*r(g). What is the hundreds digit of l(m)?
1
Suppose -2*o + 141 = -c + 32, -2*c = 4*o - 198. Let m be 3056/10 - (o/20 - 3). Suppose d + d = -2*q + m, 5*q + 427 = 3*d. What is the hundreds digit of d?
1
What is the hundreds digit of -8 - (-165 - 56/(-7))?
1
What is the hundreds digit of 217/(-14)*((-16)/(-6))/((-17)/5457)?
2
Let z = -2 + -1. Let x be ((-4)/(-4))/((z/1)/(-657)). Suppose -2*t + x = -79. What is the hundreds digit of t?
1
Suppose 3*t = -2*j + 558, -4*j - j = -t + 169. Let g(f) = -f - 2. Let o be g(-2). Suppose o*y + t = y. What is the tens digit of y?
8
Let d(j) = 2*j**2 + 5*j - 12. Let h be d(-5). Suppose 17*c = h*c + 1152. Suppose 16*r = 13*r + c. What is the units digit of r?
6
Let n(l) = 28 + 14 - 24 + 10*l. Let f be n(-3). Let z = f - -103. What is the tens digit of z?
9
What is the ten thousands digit of 3*(-20)/75 + 1559670/150?
1
What is the thousands digit of (3465/60)/(33/2024)?
3
Let p(o) = 14*o**3 - 12*o + 9. Suppose -3*f = 3*g, 5*g = -4*f - 1 - 2. What is the units digit of p(f)?
1
Suppose -2*w + 1879 = -2*v + 263, 2*w - 5*v - 1613 = 0. Suppose 17 = -12*a + w. What is the units digit of a?
6
Suppose 2*u - 5*f = 54790, 0 = -7*u + 17*f - 18*f + 191765. What is the hundreds digit of u?
3
Let p(t) = t - 13 - 6 - 1 + 6*t**2. What is the units digit of p(-5)?
5
Suppose -117*w - 30 = -116*w. What is the tens digit of (-7773)/(-18) - (1 - (-35)/w)?
3
Let k be 171/15 + 20/(-50). Suppose -k*b + 9870 = 3*b. Suppose 0*a - 5*a + b = o, 725 = 5*a + 5*o. What is the units digit of a?
0
Let i = -164 - -105. Let b = i - -78. Suppose -b*r + 148 = -15*r. What is the tens digit of r?
3
Let u(y) = y**2 + 2*y - 23. Let j be u(-6). Let o be j - (-5)/(25/2070). Suppose -3*c + 2*h + o = 0, 4*c - 3*c - 3*h = 143. What is the tens digit of c?
3
Suppose 3*f + 4*l + 1 = -2, -f = 5*l + 12. Suppose -f*v = 6*v - 1620. What is the tens digit of v?
8
Suppose -56 = -11*n - 23. Let o be 14/((-686)/861) + n/(-7). Wha